
19
Let o(w) = w**3 + 34*w**2 - 250*w - 52. Let v be o(-40). Let m = -310 + v. What is the greatest common divisor of 304 and m?
38
Let n = 17 + 7. Suppose -2*x + 3*b = -0*b - 136, 4*x - 4*b - 276 = 0. Suppose 5*m = -5*p + 85, p = 5*p + m - x. What is the highest common factor of n and p?
6
Let q be 9/(-3) - (0 - 16). Suppose -2*u + 19 = -q. Let l be (8/((-40)/15))/((-27)/18). What is the highest common divisor of l and u?
2
Let u be -62*((-58)/(-4))/(14/(-42)). What is the greatest common divisor of u and 279?
93
Let w = -1067 - -1061. Let z(p) = -3*p - 30. Let n(i) = -2*i - 29. Let d(o) = -4*n(o) + 3*z(o). Let b be d(w). Calculate the highest common factor of b and 224.
32
Suppose 58*h - 54*h = 3*c - 131, -2*c - 4*h = -54. Suppose -13*k = c*k - 2500. What is the greatest common factor of k and 1?
1
Suppose 4*f - 200 = -3*u - 35, 3*f - 140 = u. What is the greatest common divisor of 915 and f?
15
Suppose -5*p = 3*d - 47061, 21*p - 17*p - 37644 = -4*d. Calculate the highest common divisor of p and 18.
18
Suppose 19*p - 55 = 21. Suppose y - 5*l - 80 = 0, -l = -p*l + 6. What is the highest common factor of y and 45?
45
Let b = -137 - -238. Let w(f) = -2*f**3 - 26*f**2 + 3. Let x be w(-13). Suppose -266 + b = -x*h. Calculate the highest common factor of 11 and h.
11
Let q = -14 - -29. Let u = q + -17. Let j be 12 - 1 - (-2 - u). What is the highest common factor of j and 77?
11
Let v be (-626)/(-10) - 20/(-50). Suppose -4*f = -32 - 84. Suppose 0 = 2*y + 2*x - 8, -8*x + 3*x - f = -2*y. Calculate the highest common factor of y and v.
7
Let m = 46957 - 9439. Calculate the greatest common divisor of m and 111.
111
Let j = -19184 - -21910. What is the highest common factor of j and 464?
58
Suppose -16*u + 35*u + 171 = 0. Let y be (27 - -1)/(14/(-315)*u). Calculate the highest common divisor of 315 and y.
35
Let w be (5440/(-238))/((-2)/7). What is the greatest common factor of 1320 and w?
40
Suppose -3*w = 5*t - 397, -25*w = -5*t - 27*w + 398. Let v be ((-256)/t)/(417/420 + -1). What is the highest common factor of v and 64?
64
Suppose 58*o = 131*o - 6278. What is the highest common divisor of o and 1161?
43
Suppose 4*j + y = 6 + 7, -j - 2*y - 2 = 0. Suppose 3*f - j*x = 14, 0 = -4*f - 4*x + 3 + 25. Calculate the greatest common divisor of f and 66.
6
Let q be (-1 + 1)/(-3 - -1). Suppose -6*r + 102 + 132 = q. Suppose 1946 = 13*z - 82. What is the greatest common factor of z and r?
39
Let i(n) = -10*n**2 + 36*n + 2926. Let a be i(0). What is the greatest common factor of a and 57?
19
Suppose -2*l + 4*r = 786, 98 = -4*l - 3*r - 1419. Let q = l + 417. Calculate the highest common factor of q and 68.
34
Let p be -13 + 19 + (-168)/7*-8. Calculate the highest common divisor of 4620 and p.
66
Suppose 6*x - p = x + 49, 0 = 5*p - 5. Let y(q) = 2*q**2 - 6*q + 17. Let o be y(x). Let j = -92 + o. Calculate the highest common divisor of 26 and j.
13
Let b = -99 + 158. Suppose 11*k - 257 + b = 0. Calculate the highest common factor of k and 144.
18
Let n be 4*-237*(-50)/(-100). Let a be -22*(-209)/8 - n/1896. What is the highest common factor of 25 and a?
25
Let o be (-1)/(-2) + 8645/190. Calculate the greatest common divisor of o and 1863.
23
Let r(b) = -b**3 + 19*b + 78. Let q be r(-7). What is the highest common divisor of q and 954?
18
Let m be (30/(-4))/((-3)/16). Let n(z) = z**3 - 6*z**2 + 2*z - 2. Let p = -55 + 61. Let h be n(p). What is the highest common factor of h and m?
10
Let o = -2197 - -2575. What is the greatest common divisor of 462 and o?
42
Suppose 36 - 122 = 42*l - 44*l. What is the greatest common divisor of 3569 and l?
43
Let w = 5482 - 5436. What is the highest common divisor of w and 15249?
23
Let j be 4/66 + 87300/297. Calculate the highest common divisor of j and 210.
42
Let x(f) = -7*f**2 + 55*f + 10. Let g be (-1474)/(-187) - 4/(-34). Let n be x(g). What is the highest common divisor of 7 and n?
1
Suppose 368*q - 21996 = 134*q. Calculate the highest common divisor of 11750 and q.
94
Let y(f) = -f**3 - 6*f**2 + 13*f + 8. Let c = 223 + -231. Let n be y(c). What is the greatest common factor of 32 and n?
32
Suppose 13*i = 28 + 11. Suppose i*q + g - 15 = 0, -2*q = q - 5*g - 33. Let s be 6/(-4)*1 + 429/q. What is the greatest common factor of s and 10?
10
Let l be (-6)/4*(624/9 - 0). Let c be l/12*-15 + 0 + -3. Suppose -c = -4*k + 5*o, 7*k - 3*k + o = 133. Calculate the greatest common divisor of 3 and k.
3
Let b(w) = 4*w + 7. Let q be b(4). Suppose 415 + 377 = 4*g. Suppose g = 4*c - 814. What is the highest common factor of c and q?
23
Let h(b) = -26*b - 11. Let o be h(-6). Let f(l) = 49*l - 40. Let g be (1 - 4) + 50/30*3. Let j be f(g). Calculate the greatest common factor of j and o.
29
Let f(m) = m**3 + 6*m**2 + 7*m + 10. Let z be f(-5). Suppose -y - 44 = -2*q, -7*q + 10*q - 4*y - 76 = z. Calculate the highest common factor of 2 and q.
2
Let q = -2997 + 1440. Let o be ((-1)/2)/(q/222 + 7). Calculate the highest common divisor of o and 37.
37
Let o(z) = -22*z + 1064. Let q be o(37). What is the highest common factor of q and 160?
10
Suppose 0 = -4*y - 3*s + 224, -280 = -5*y + 6*s - s. Let t = y + -50. Suppose -20 - 3 = -3*v + 2*k, -t = -3*k. Calculate the greatest common factor of 1 and v.
1
Suppose 5*m + 1128 = 2*d, -2*d + 2*m + 499 = -623. Suppose 2*s + 0*s - 76 = -5*x, s - 41 = -x. Calculate the highest common divisor of d and s.
43
Let b(n) = n**3 + 18*n**2 - 1416*n + 8. Let o be b(30). What is the highest common factor of o and 392?
56
Let r be (-648)/(-2)*(-14)/(-21). Calculate the greatest common divisor of 672 and r.
24
Let w(o) = 8*o**2 + 215*o + 23. Let q be w(-29). Calculate the highest common factor of q and 1161.
129
Let d(c) = -2*c + 5. Let w be d(0). Let h(x) = -x - 15*x - 24*x + w. Let v be h(-4). Calculate the greatest common factor of v and 15.
15
Let k = -14416 - -14626. What is the greatest common factor of 4130 and k?
70
Let w = -96 - 67. Let y = w - -202. What is the greatest common factor of 65 and y?
13
Let v = 6300 + -6240. Calculate the greatest common factor of v and 1365.
15
Suppose 115*j = 118*j - 4*i - 8736, 5824 = 2*j + 2*i. Calculate the greatest common factor of 2688 and j.
224
Let j be (57024/720)/((-6)/(-20)). What is the highest common divisor of 1353 and j?
33
Let h(z) = 83*z - 1599. Let a be h(32). Calculate the greatest common factor of 14 and a.
7
Suppose -5*y + 160 = -y. Suppose -p = 20*p + 693. Let h = 43 + p. Calculate the greatest common divisor of y and h.
10
Suppose 247*t = 245*t + 882. Calculate the highest common divisor of 9 and t.
9
Suppose -3*z = 4*g + 59, -2*z - 7 - 3 = 0. Let y = 116 + g. What is the highest common factor of 60 and y?
15
Let n = 284 + 435. Suppose 2*g - 491 = k, -7*g + 10*g - 5*k - n = 0. Let u be 2/(-4)*31*-2. Calculate the greatest common factor of g and u.
31
Suppose -52 - 8 = 4*i. Let g be ((-144)/20)/(i/50). Let l be 291/18 - ((-116)/g + 5). Calculate the highest common divisor of 16 and l.
16
Let h(p) = 6*p - 51. Let c(r) = 2*r**2 + 4*r - 19. Let d be c(3). Let t be h(d). Calculate the greatest common factor of t and 345.
15
Let z = -741 + 753. Let c(q) = q**3 + 5*q**2 - 6*q - 2. Let s be c(-6). Let v = 5 + s. What is the highest common factor of v and z?
3
Let v be 444*(-73 - -61)*(-2)/24. What is the greatest common factor of v and 2997?
111
Let z be (-10)/(-3)*(-31)/((-403)/(-546)). Let w = 152 + z. What is the highest common factor of w and 324?
12
Let r(w) = 33*w**3 - 3*w**2 - 4*w + 9. Let l be r(2). What is the greatest common divisor of 22 and l?
11
Suppose 2*i - 4*y = 7416, 2*i + y = 9646 - 2220. Calculate the highest common divisor of i and 32.
32
Let s be (-2)/(-7) + 149/(-7). Suppose 5*r - 2*w + 322 = 0, 3*r + 2*w = r - 140. Let o = s - r. What is the greatest common divisor of 30 and o?
15
Let w(t) = -t**2 + 14*t + 30. Let x be w(13). Suppose 0 = -21*y + x*y - 264. What is the highest common divisor of y and 27?
3
Let o(g) = 2*g**2 + 4*g + 6. Let a be o(-2). Suppose -a*u - 63 = -129. What is the greatest common factor of 275 and u?
11
Let k = 2028 - 1564. What is the greatest common divisor of k and 48?
16
Suppose -19*p = -16*p - 36. Calculate the greatest common divisor of 236 and p.
4
Suppose -4*a = -13 + 5. Let y = 146 - 148. Let j(q) = -q**3 - 3